 7*b + 9. Let t be y(-8). Let n(h) = 22*h - 88. Let z be n(-3). Let l = z - t. What is the hundreds digit of l?
1
Let x = -5835 + 10589. What is the tens digit of ((-40)/25)/4 - x/(-10)?
7
Suppose -124 + 464 = 20*k. Suppose 12*z = k*z - 995. What is the tens digit of z?
9
Suppose f - 30 = 3*f. Let m = -12 - f. Suppose u = 2*d + 54, -d - 10 = -m*d. What is the tens digit of u?
6
Let f be (-2)/1 - (-1638)/7. Suppose -358 = -3*p - 5*v + 9, f = 2*p - 3*v. Let m = -39 + p. What is the tens digit of m?
8
Let x = 31 - 72. Let z = -33 - x. Suppose z*y - 574 = -30. What is the units digit of y?
8
Suppose -4*q = -4*p + 8, 13 = 4*p - 7. Suppose 2*c + q*m = -2*c - 7, 5 = -2*c - 3*m. Let f(l) = 71*l**2 - 3*l - 2. What is the units digit of f(c)?
2
Let k(f) = 21*f**2 - 24*f - 86. What is the tens digit of k(14)?
9
Suppose -4*c + 9 = -31. Suppose -c*t - t = -33. Suppose -t*k + 126 = -6. What is the tens digit of k?
4
Let b(o) = -2*o - 16. Let d be b(-16). What is the units digit of (-3254)/(-4) - d/(-32)?
4
What is the units digit of (-3124977)/149*(-1)/3?
1
Suppose 28*a + 3455 = 2*g + 27*a, -4*g = a - 6931. What is the units digit of g?
1
Suppose 0 = 40*r + 28*r - 313752. What is the thousands digit of r?
4
Let m(u) = 6*u**2 - 4*u + 61. Suppose 2*s - 52 = 5*a - 9*a, s + 29 = 3*a. What is the hundreds digit of m(a)?
7
Let b = 825 + -146. Let g = 956 - b. What is the hundreds digit of g?
2
Suppose 5*g = 5*a - 25, -a - 108*g = -113*g - 13. What is the hundreds digit of (9 + 180/3)*a?
2
Suppose 0 = -3*k - 2*c + 26349 - 4060, -14853 = -2*k + 5*c. What is the tens digit of k?
2
Let n(x) = -523*x**3 + 7*x**2 - x - 4. What is the thousands digit of n(-3)?
4
Let q = -31890 + 50666. What is the ten thousands digit of q?
1
Let p = -576 + 578. What is the units digit of 1*2*(-18 + 290)*p?
8
Let s be 4 - (1 - 64/2). Let m be 1/3 - s/(-3). Suppose -1826 = -m*y - 74. What is the units digit of y?
6
Let q(x) = 2277*x**2 - 12*x + 23. What is the thousands digit of q(2)?
9
Let k = 119 - 107. Suppose k*q - 189 + 1365 = 0. What is the tens digit of 2/(-14) + (-6874)/q?
7
Let f = 9684 + 28050. What is the ten thousands digit of f?
3
Let s = 107 - 119. Let k(p) = 8*p**2 + 70*p + 6. What is the hundreds digit of k(s)?
3
Let k be ((-10)/(-4))/((-295)/(-708)). What is the units digit of 380 + -5 + k + -1?
0
Let v(x) = -x - 26. Let s be v(-28). Suppose 1998 = s*t + 7*t. What is the units digit of t?
2
Let x be -2*3/10 - (-1836)/10. Suppose -15*k + 18*k = x. Let t = k - -105. What is the tens digit of t?
6
Let l = -28111 - -60175. What is the thousands digit of l?
2
Suppose 0 = -12*j - 73 + 109. Suppose -310 - 245 = -j*w. What is the hundreds digit of w?
1
Let v = 34 - 54. Let d = v - -6. Let t(j) = j**3 + 14*j**2 - 11*j - 32. What is the units digit of t(d)?
2
Let d be (-3)/(-5) + (-4)/20*13. Let w = 22 + d. Let r = w - -81. What is the tens digit of r?
0
Let r(z) = -z**3 - 23*z**2 - 11*z + 31. Let d be r(-21). What is the units digit of -6 + 0 + (-1 - d)?
3
Let q = -222 - -235. Suppose -q*r = -24*r + 3597. What is the tens digit of r?
2
Let a = 3514 + 3960. What is the tens digit of a?
7
Suppose -11*v = 35*v - 3296933 - 283891. What is the thousands digit of v?
7
What is the hundreds digit of 256458/9*9*8/48?
7
Suppose -1172 = 15*g - 16*g + 2*u, -15 = 3*u. What is the tens digit of g?
6
Suppose 3*y - 3 = 3. Suppose 3*s + v = 6*v + 10, -s + 5*v + 10 = 0. Suppose -a + 55 = -4*g, -92 = -2*a + y*g - s*g. What is the units digit of a?
3
Let v(y) = 2*y + 12. Let i be v(9). Let z be 2/(-1 - (-25)/i). What is the units digit of z/42 + (-1152)/(-14)?
2
Let f(a) = -a**3 + 62*a**2 - 137*a + 366. What is the tens digit of f(52)?
8
Suppose k + 8431 = -338*l + 341*l, 0 = l + 4*k - 2832. What is the tens digit of l?
1
Suppose 4*c = -3*v + 7970, 36*v - 5295 = 34*v + c. What is the thousands digit of v?
2
Suppose -48*a - 9398 = -43*a - 39253. What is the thousands digit of a?
5
Suppose -x = -2*r, -3*x - 5*r = -r - 20. Suppose -x*l + 204 = -80. What is the tens digit of l?
7
Suppose 4*b + 5*j = -39, -5*b + 23*j - 57 = 21*j. What is the hundreds digit of (b/5)/(3/(-330)*2)?
1
Let f(a) = -96 + 5 - 14*a + 5 - 17*a. What is the units digit of f(-17)?
1
What is the tens digit of (189/147)/((-7)/(1 + -442))?
8
Let u = 14232 - 5667. What is the thousands digit of u?
8
Let f be 2/(4/(-24)*-1*4). Suppose 19 - 31 = -f*r. Suppose -r*m + 0*m = -216. What is the units digit of m?
4
Suppose 0 = 13*h - 10*h - 3. Let f be (1 + (-21)/6 - h)*-2. Suppose 162 = f*r - 650. What is the units digit of r?
6
Let h = 17118 + 302. What is the thousands digit of h?
7
Let j(r) = 78*r**2 + 36*r - 531. What is the thousands digit of j(20)?
1
Let r(t) = -t**3 - 3*t**2 + 2*t - 4. Let o = -12 + 8. Let h be r(o). Suppose 6*f = -h*s + 2*f + 260, -45 = -s + 3*f. What is the units digit of s?
0
Suppose 4*o - w - 50418 = -10760, 4*o = -w + 39662. What is the units digit of o?
5
What is the units digit of 26 + 3059 + 14/1?
9
Suppose 3*s = -3*g - 33, -4*s - 6*g + g - 48 = 0. Let x(n) be the third derivative of n**5/60 - n**4/12 + 2*n**3/3 - 1099*n**2. What is the tens digit of x(s)?
6
Suppose 0 = 46*p - 413661 - 2237411. What is the tens digit of p?
3
Suppose 28*k = 37096 + 958 + 2490. What is the hundreds digit of k?
4
Suppose 0 = -93*y + 189302 + 234313. What is the units digit of y?
5
Let k = 26430 - 20124. What is the units digit of k?
6
Let m = 29861 - 19209. What is the units digit of m?
2
Let w = -642 + 2843. Suppose 0 = -6*f + w - 467. What is the tens digit of f?
8
Let c(k) = k**3 + 5*k**2 - 4*k + 24. Let f be c(-10). Let i = 1087 + f. What is the hundreds digit of i?
6
Suppose 2*j - 57834 = -2*l, 0 = -3*l - 0*j - j + 86751. What is the ten thousands digit of l?
2
Let i be (((-525)/28)/5)/(1/(-4)). Suppose -21*l + i*l = -8328. Suppose l - 277 = 11*d. What is the units digit of d?
1
Let v(c) be the first derivative of -c**3/3 - 21*c**2 - 42*c + 90. What is the units digit of v(-22)?
8
Let i(v) = -4*v**2 + 451*v - 226. What is the hundreds digit of i(91)?
6
Let x be (-4)/(7 - (-15)/(-2)). Let n(o) = o**2 + 7*o - 47. What is the tens digit of n(x)?
7
Suppose -164346 = 20*u + 1854. What is the tens digit of u/20*(-6)/9?
7
Suppose 8162 = -3*y - 2*n - 6844, 2*y = 4*n - 9988. Let i be ((-4)/6 - y/48)*2. Suppose -2*s + i = 4*g - 161, -4*s = 4*g - 732. What is the tens digit of s?
8
What is the ten thousands digit of (486/21 + 6)/((96/(-21784))/(-6))?
3
Suppose -3*n + 4476 = -3*q - 264, -2*q + 7900 = 5*n. Suppose -4*h = x - n, -4*h = -3*x - 1162 - 418. What is the hundreds digit of h?
3
Suppose -68 + 23 = 3*y. Suppose 0 = -o - 5*j + 2, -26*o + 27*o - 20 = j. Let s = y + o. What is the units digit of s?
2
Let n = -424 + 1624. What is the thousands digit of n?
1
Let p be (10 - 193)*(-1 + 1/3). Let z(d) = d**2 + 2. Let y be z(0). Suppose -y*a - 204 = -4*w, 0*w - 2*w = 4*a - p. What is the units digit of w?
3
Let q be (-200)/(-3)*((-11 - -13) + 10). Let i = 1416 - q. What is the units digit of i?
6
Let y = 9 - -5. Let w(u) = u**2 + 15*u - 29. Let x be w(-17). Let h = y - x. What is the units digit of h?
9
What is the tens digit of (-141232)/(-156)*(-12)/(-14)?
7
Let i(j) = -87*j - 602. What is the thousands digit of i(-147)?
2
Let i = -26902 - -59714. What is the thousands digit of i?
2
Let s = -186 - 222. Let p = -275 - s. What is the tens digit of p?
3
Suppose 24717 + 102318 = 9*j. What is the units digit of j?
5
Suppose 4*l - 8 = 0, 2*m + 40*l = 44*l + 21022. What is the units digit of m?
5
Suppose 2*a = 3*g + 622, -4*a + 257 = 4*g + 1073. Let j = 384 + g. What is the tens digit of j?
7
Let u = 1149 - 745. Suppose -4*g - 111 + u = 5*b, 3*b = g - 52. What is the units digit of g?
7
Suppose 37*i - 42*i + 70 = 0. Let m(g) = 2*g - 30. Let b be m(i). Let c = b - -34. What is the tens digit of c?
3
Suppose -21*j + 5*j = 0. Suppose 15*a - 6*a - 3105 = j. What is the tens digit of a?
4
Suppose -3797262 + 893326 = -98*m. What is the thousands digit of m?
9
Suppose 0 = 37*j + 24*j - 1526708. What is the units digit of j?
8
Let m(j) = -73*j - 38. Let l be m(-5). Suppose -138 = -3*i + l. What is the hundreds digit of i?
1
Let f(w) = 933*w + 3130. What is the thousands digit of f(8)?
0
Suppose -2*i = -7*i. Suppose 5*u + 4*h - 1226 = i, 251 = u - 7*